f 8*r**3/3 - 12*r**2 - 16*r. What are the prime factors of v(12)?
2, 3, 7
Let t = 0 - -3. Suppose -x + t + 2 = d, -4*x + 5*d = -11. Suppose 5*f - x*r - 62 = 84, 2*r = 2. What are the prime factors of f?
2, 3, 5
Suppose -3*y - 3*c = -2094, -7*y + 11*y = 4*c + 2832. What are the prime factors of y?
19, 37
Suppose 0 = -3*m + 15, -24 = -3*z + m + 22. Let q be -6*1*13/(-3). Let u = q - z. What are the prime factors of u?
3
Suppose -3*o + 6675 - 1432 = 5*u, 3478 = 2*o - u. List the prime factors of o.
1741
Suppose 10*d + k - 3869 = 5*d, 12 = 3*k. What are the prime factors of d?
773
Suppose z = 5*q - 17721, -23 = z - 27. What are the prime factors of q?
5, 709
Let f(w) = -2*w**3 - 18*w**2 - 26*w + 25. List the prime factors of f(-14).
3, 29
Suppose t - 29 = -5*a, 5*t + 2*a - 30 = -0*a. Suppose 0 = l + 3*l. Suppose -b - t*b + 50 = l. List the prime factors of b.
2, 5
Let s(q) = -117*q - 49. What are the prime factors of s(-6)?
653
Let c(s) be the second derivative of -s**5/20 + 5*s**3/6 + s**2 - 24*s. Let x(k) = k**3 + 8*k**2 - k - 11. Let n be x(-8). What are the prime factors of c(n)?
2, 7
Suppose -133 = -4*w + 5*o, -4*w - 130 = -9*w - o. List the prime factors of w.
3
Let z(q) = 4*q**2 - 6*q - 3. List the prime factors of z(9).
3, 89
Let l be (-6)/(-5)*(-35)/(-2). Let x = l - 17. List the prime factors of x.
2
Suppose 8*d + 88 = -3*d. Let p(q) = q**3 + 9*q**2 - 8*q - 6. List the prime factors of p(d).
2, 61
List the prime factors of 1654 + (-6 - (8 + -18)).
2, 829
Let w = -6 + 706. What are the prime factors of w?
2, 5, 7
Let l(p) be the first derivative of 9*p**2 - 2*p - 12. Let s be (-3)/(2 - 5) - -1. What are the prime factors of l(s)?
2, 17
Let b = 72 - 70. Suppose -b*c + 974 = 5*a, -5*a + 819 = -5*c - 141. What are the prime factors of a?
2, 97
Let i = -91 + 1773. List the prime factors of i.
2, 29
Let o(h) = 22*h**2 - 35*h - 142. What are the prime factors of o(-4)?
2, 5, 7
Suppose -8*c = -4*c - 56. Let i = c + 7. List the prime factors of i/(4/(32/6)).
2, 7
Suppose 3*i = 5*j - 6*j + 547, 4*i = -5*j + 2746. List the prime factors of j.
2, 5, 11
Let d be (-9)/(-6)*50/15. Suppose -4*q - 31 = -d*q. What are the prime factors of q?
31
Let s(f) = 2*f**2 - f - 1. Let t be s(2). Let p = -385 + 461. Suppose p = 9*h - t*h. List the prime factors of h.
19
Let d = -231 + 390. Suppose 3*t + 3*o = d, -2*t - 2*o = -3*o - 118. List the prime factors of t.
3, 19
Let f be (-18435)/(-90) - (-1)/6. Suppose -5*s + f = 2*z, 4*s - 181 = -9*z + 4*z. What are the prime factors of s?
3, 13
Let n be (-1 - (-256)/12)*3. Suppose -42 = -z - 2*c, 101 + n = 4*z + 2*c. Let o = z + 24. List the prime factors of o.
2
Let u(w) = -w**2 - 61*w - 61. What are the prime factors of u(-39)?
797
Let b be 48/(-10)*(-20)/6. Let h(z) = -5*z + 2*z + 2 + z**2 - 12*z. What are the prime factors of h(b)?
2, 3
Let p = -9 - -20. Let o(f) be the second derivative of -f**3/6 + 8*f**2 + 8*f. List the prime factors of o(p).
5
Let x = -38 + 42. Suppose -2*c = x*c - 702. List the prime factors of c.
3, 13
Let f = -616 + 1450. List the prime factors of f.
2, 3, 139
Suppose -2 = -2*k + 2. Suppose y - 3*p = 11, 0*y + y - k*p - 10 = 0. List the prime factors of y.
2
Let t(r) = 11*r**2 + 19*r + 49. What are the prime factors of t(-21)?
7, 643
Suppose 3*k + 36 = -5*i, 0 = i - 0*k + 3*k. Let g = i + -3. List the prime factors of (-6)/(-2) - g - -1.
2
Suppose 6 = -f + 10. List the prime factors of 28*((-66)/(-8))/(6/f).
2, 7, 11
Suppose -13*w + 12*w = 49. Let s = -35 - w. List the prime factors of s.
2, 7
Suppose 0 = -19*r + 8*r + 110. Suppose 979 = k + r*k. What are the prime factors of k?
89
Let o(d) = 136*d**2 + 21*d + 28. What are the prime factors of o(-5)?
3323
Suppose 4*i = 4*p + 21 - 9, 2*p = i. Let b be i*-1*(-12)/4. Suppose -44 = -s + b. What are the prime factors of s?
2, 31
List the prime factors of ((-430)/(-4) - -1)/((-42)/(-420)).
5, 7, 31
Let i(l) = 5*l**2. Let v be i(-1). Suppose 3*u - g = 31, 41 = -u + 5*u - g. Suppose -u = -v*k - 0*k. List the prime factors of k.
2
Let b(m) = 4*m + 1. Let x = -36 - -48. List the prime factors of b(x).
7
What are the prime factors of ((-702)/15)/(21/(-280))?
2, 3, 13
Let k be 60*5*2/20. Let y = k + -25. Suppose -d + y = -25. What are the prime factors of d?
2, 3, 5
Suppose 4*i - 74 = t, -t = -5*i + 3*t + 98. Suppose i*a = 16*a + 152. List the prime factors of a.
2, 19
Suppose 1 = f, 4*g = f + f + 1446. What are the prime factors of g?
2, 181
Suppose 12*g - 17284 + 6124 = 0. Suppose 9*w = 4*w + 5*y + g, -3*w - 3*y + 528 = 0. What are the prime factors of w?
181
Suppose -2*j + 13 = x, 0 = x + 3. Let y = -2 + j. Suppose 0 = -y*t + t + 160. What are the prime factors of t?
2
Let q be 720/27 - 4/6. Let u(g) = g**2 + g + 1. Let z be u(0). Suppose 4*x - 4*p = 18 + q, p - z = 0. List the prime factors of x.
2, 3
Let s = -8 + 10. Suppose s*d = 5*d - 48. List the prime factors of 3/9*(d - -2).
2, 3
Let v(t) be the second derivative of -3/2*t**3 + 0 + 3/2*t**2 - 6*t + 1/20*t**5 + 7/12*t**4. What are the prime factors of v(-8)?
11
Let h(a) = 107*a + 27. What are the prime factors of h(6)?
3, 223
Suppose -4*s = 7 + 17. Let r be (1/(-3)*-3)/1. List the prime factors of r/(-3)*s - -28.
2, 3, 5
Let d(k) be the third derivative of k**6/360 + 2*k**5/15 - k**4/8 - 3*k**2. Let w(z) be the second derivative of d(z). List the prime factors of w(0).
2
Let r(u) = -15*u - 1. Let y = -13 + 7. Let g be r(y). Let c = g - 60. List the prime factors of c.
29
Let c be (3 + -12)*3/(-9). Suppose 2*d + 12 = 4*m, 2*d = 8*m - c*m - 16. Let f = 6 - d. What are the prime factors of f?
2
Suppose 3*i + 2 - 11 = -m, -5*i = -2*m - 37. Let s(l) = -190*l - 730. Let p(v) = 7*v + 27. Let f(n) = -55*p(n) - 2*s(n). What are the prime factors of f(m)?
5
Let l be 24/(-36) - 79/3. Let k = 33 + l. List the prime factors of k/4 + 54/4.
3, 5
Suppose 2*u = 96 - 14. Suppose 5*t - u = -2*h + 6*h, -3*h + 3 = 0. List the prime factors of (-24)/10*(-60)/t.
2
Let z(r) = r**2 + 5*r - 6. Let s be z(-6). Suppose s = 5*g + 2 + 8. Let k(i) = -i**3 + 4*i + 3. What are the prime factors of k(g)?
3
Suppose 0*z - z = -24. Suppose -2*r + z - 1 = -5*g, 0 = -3*r - 4*g - 23. Let n(v) = -55*v**3 + v. What are the prime factors of n(r)?
2, 3
Suppose -g = -2*v - 9, -2*g + v - 3 = -4*g. What are the prime factors of g/6 + 535/10 + -3?
3, 17
Suppose 22 + 2 = 2*t. Let m be -4*(2/4)/(1/(-4)). What are the prime factors of 232/12 + m/t?
2, 5
Let w(t) = -14 + 0*t - 15*t**2 + 70*t**2 - 4*t + 9*t**2. What are the prime factors of w(-2)?
2, 5
Let z be 1*(3 + 0/2). Suppose -2*f = z*f. Suppose f = -5*r + 24 - 9. What are the prime factors of r?
3
Let t(y) = -2*y**2 - 33*y + 17. Let g be t(-17). Suppose 114 - 3 = u - 3*p, -4*u + p + 433 = g. List the prime factors of u.
2, 3
Suppose 0 = -4*p + 892 + 5160. List the prime factors of p.
17, 89
Let y(m) = -4*m - 1. Let w be y(-1). Suppose r - w*r = -92. What are the prime factors of r?
2, 23
Let g(x) = x**2 + 15*x + 24. Suppose 79*k - 84 = 83*k. List the prime factors of g(k).
2, 3, 5
Let y(r) = r + 30. Let p be y(0). Suppose p = -4*c + 126. What are the prime factors of c?
2, 3
List the prime factors of (-17 - -6 - -4) + 607.
2, 3, 5
Suppose 130*g - 132*g + 2120 = 0. What are the prime factors of g?
2, 5, 53
Let j = 338 + -130. Let k be j/12 - 4/(-6). Suppose -96 + k = -3*p. List the prime factors of p.
2, 13
Let z = -66 - -48. Let r = z + 25. What are the prime factors of r?
7
Let m = -14 + 9. Let g = m - -188. Suppose 5*v - g = 47. What are the prime factors of v?
2, 23
Let d = -131 + 74. Suppose -455 = -5*l + 5*y, 7*l - 487 = 2*l - 3*y. Let q = l + d. List the prime factors of q.
2, 19
Let i be (-2)/(-2)*-2 + -894. List the prime factors of 34/85 - i/10.
2, 3, 5
Suppose 5*i + 3*u - 869 = 3*i, 4*i - 1735 = -3*u. What are the prime factors of i?
433
Suppose -2251 - 2585 = -12*t. What are the prime factors of t?
13, 31
Let y(u) = u. Let x be y(3). Let v = x + -1. Let r(z) = z**3 + z**2 + z + 1. What are the prime factors of r(v)?
3, 5
Let y(w) = -w**3 - 2*w**2 - 2*w - 2. Let d be y(-2). List the prime factors of (910/14)/((d/(-6))/(-1)).
3, 5, 13
Let i = -82 - -85. List the prime factors of 69/46*190/i.
5, 19
Let y(x) = -5*x**2 - 3*x**2 - 2 + 3*x**2 + 2*x**2 - x**3 + 3*x. Let z be y(-4). S